2 + l - 2. Calculate s(z).
28
Let w = 8 - 5. Let s(h) = -w*h + 5*h**2 + h**2 + h**3 - 3*h**2 + 1. Let r be ((-51)/(-102))/(2/(-12)). Calculate s(r).
10
Let s be 3*6*(-4)/18. Let r be 5/(-10) - (-34)/s. Let w be 4 + 3/(r/24). Let g(f) = 2*f + 3. What is g(w)?
-5
Let i(a) = -7*a - 18*a - 2 + 6*a. Let g(v) = 6*v + 1. Let h(b) = 7*g(b) + 2*i(b). Calculate h(-2).
-5
Let i(s) = 4*s - 1. Let a be 3 + -8 + 4 + 3. Suppose -2*j - j = -a*z, 4*j = z + 5. Suppose 0*p = -3*p - z. Give i(p).
-5
Let i(v) be the third derivative of -v**4/24 - 33*v**2. Let l = -17 + 28. Let w = 7 - l. Determine i(w).
4
Let k(i) = i**3 + 5*i**2 - 7*i - 2. Let r = -655 + 649. Determine k(r).
4
Let r = -8 - -6. Let l(u) = -1 + 4*u + 0 + 0 + 3. Give l(r).
-6
Let s(w) = -w + 2. Let o be s(-1). Let z(r) = -2 + 4 - 2*r**3 - 1 + r**2 - o*r**2. Give z(1).
-3
Let y be 2/(8/4) - 0. Let l be ((-2)/8)/(y/(-4)). Let a be 6/(-4)*2/l. Let u(v) = -2*v**2 - 4*v - 4. Give u(a).
-10
Let a be (-44)/(-12) + 8/(-12). Let i(c) = c**a + c**2 - 3 + 4*c + 4*c**2 + 6 - 2. What is i(-5)?
-19
Let v(x) = 7*x**2 + 12*x - 53. Let j(f) = 15*f**2 + 25*f - 116. Let g(u) = -6*j(u) + 13*v(u). What is g(-7)?
14
Let b(a) = a + 1. Let m(z) = 4*z**2 - 4*z - 4. Let f(i) = -4*b(i) - m(i). Let u be f(-2). Let x = -12 - u. Let p(g) = g**2 - 6*g + 1. Give p(x).
-7
Let m(g) = 32*g + 37 + 40*g + 39*g - 105*g. Give m(-7).
-5
Let d(v) = v**2 + 40*v + 38. Let n be d(-39). Let w(b) = -9*b**3 + 2*b + 1. What is w(n)?
8
Let k(r) = -2*r + 18. Suppose -16*n + 337 = 113. Calculate k(n).
-10
Let w(u) = 2*u - 1. Let c(l) = l**3 - 5*l**2 + 2*l + 5. Let k be c(4). Let i = k + 9. Suppose -i = -a - 2. Give w(a).
7
Let s(d) = -d**3 + 6*d**2 - 2*d. Let c be (-2)/(-1)*10/4. Let a be (-2 + 0 - 2)/(88/(-88)). Suppose -c*n = a - 29. Determine s(n).
15
Let y = -24 + -29. Let i = y - -60. Let f(q) = 2*q - 10. What is f(i)?
4
Let b(j) = j**3 + 10*j**2 + 8*j - 6. Let u(p) = -13*p + 43. Let q be u(4). Determine b(q).
3
Let n(v) = v - 14 + 12 + 8*v. Give n(2).
16
Suppose -17 = -12*a + 9*a + 2*q, 0 = 5*a - 3*q - 29. Let i(f) = f**2 - 3*f + 2. Give i(a).
30
Let v(i) be the first derivative of -i**2/2 + 7*i - 909. Let s(f) = -7*f + 1. Let h be s(-1). Calculate v(h).
-1
Let h(d) be the third derivative of d**5/60 + 7*d**4/24 - d**3/6 - 2*d**2 + 3. Calculate h(-4).
-13
Suppose 23*z = 26*z + 15. Let t(o) = -o**3 - 4*o**2 + 7*o + 7. Determine t(z).
-3
Let r(t) = t**3 + 3*t**2 - 3*t + 2. Let i = 22 + -12. Let l(z) = z - 5. Let n be l(i). Suppose 15 = -5*c - n. Calculate r(c).
-2
Let y(t) be the first derivative of -4 + 0*t - 1/2*t**2 - 2/3*t**3. Determine y(-1).
-1
Let b(l) = -6*l**3 - 2*l + 1. Let j(w) be the first derivative of -w**2 + 7*w - 6. Let y be j(2). Let c be y + (-4 - -8 - 6). Calculate b(c).
-7
Let j(o) = 9*o**2 + 13 - o**3 + 6*o - 3 - 3*o**2. Let w(b) be the first derivative of b**3 - b**2 - b + 28. Let k be w(2). Determine j(k).
3
Let z(o) = -3*o - 4. Let b be z(-3). Let l(w) = -3 + 5*w**3 + b*w - 5*w**2 - 1 - 6*w**3. Let f be l(-6). Let g(u) = -u**3 + 2*u**2. What is g(f)?
0
Let q(v) = -7*v**3 - 2*v**2 - 4*v + 1. Let w(y) = 6*y**3 + 2*y**2 + 3*y - 1. Let m(j) = -5*q(j) - 6*w(j). Let u = -26 + 24. Determine m(u).
-3
Let b(z) = 5*z + 35. Suppose 8*v + 66 - 2 = 0. What is b(v)?
-5
Let v(q) = -2*q - 11*q**2 + 0 - 4 + 12*q**2. Let l(c) = -c + 2. Suppose -2*y = 6 - 4. Let u be l(y). Calculate v(u).
-1
Let b(q) = q**3 + 4*q**2 + 3*q + 5. Let t(g) = 2*g**2 - 5*g - 3. Let l be t(4). Suppose 0 = 5*r + 4*f + 32, 0*f - l = 3*f. Let s = -8 - r. Give b(s).
-7
Let b(q) = 2*q**2 + 3*q**2 + 3 - 4*q**2 + 6*q. Let a = 1941 + -1948. What is b(a)?
10
Let t(q) = -5*q**2 + 4*q**3 + 2 + 4 - 5*q**3 - 11*q + 5*q + 12*q. Suppose -x - 4*x = -4*o - 24, 0 = -3*o + 2*x - 18. Calculate t(o).
6
Let a(x) = -x**2 + 8*x - 4. Let u be (91/65)/(-2*(-2)/20). Let i be a(u). Let t(j) = j**3 - 3*j**2 - 2*j + 1. Determine t(i).
-5
Let m(f) = f**3 - 2*f**2 - f - 4. Let h be m(3). Suppose -10 = h*y - 2. Let b(d) = -d**2 - 4*d + 4. What is b(y)?
4
Suppose 0 = 4*b - 20 - 0. Let v(z) = -z**3 + b*z**2 - 54 + 54 - 3*z. What is v(4)?
4
Let h(k) = -k**3 - 9*k**2 + 10*k + 3. Let f be h(-10). Let c(g) be the first derivative of -g**2/2 + g + 301. Calculate c(f).
-2
Let w(b) = -178*b + 114*b + 66*b. Determine w(1).
2
Let m(i) = 3*i + 7. Let b(l) = -4*l - 7. Let q(k) = 2*b(k) + 3*m(k). Give q(-6).
1
Let t(y) = 2*y**2 + 34*y - 21. Let h(k) = -3*k**2 - 52*k + 31. Let z(a) = -5*h(a) - 7*t(a). Calculate z(-22).
-8
Let p(c) be the first derivative of c**4/4 - c**3 - 2*c**2 - c + 227. Let k(q) = 2*q - 2. Let n be k(5). Suppose -b = -3*b + n. Give p(b).
-1
Let o(b) be the third derivative of -b**6/360 + b**5/40 - b**4/24 - 2*b**3/3 + 16*b**2. Let n(h) be the first derivative of o(h). Give n(5).
-11
Suppose -4*r - 5 = 7. Let j(n) = 2*n - 6. Let g be j(4). Let u(t) = -1 + g - t + 2*t. What is u(r)?
-2
Let m(q) = -q**3 - 6*q**2 + 4*q**3 + 9 - 3*q**3 + 4*q - q**3. Let o(k) = 3*k + 21. Let d be o(-9). Determine m(d).
-15
Suppose v + 13*i - 19 = 16*i, 3*v = -5*i - 13. Let a(y) be the third derivative of 0*y**3 + 0 + v*y**2 + 1/24*y**4 + 0*y. Calculate a(4).
4
Let x = -22 + 25. Let h(b) = b + 1. Let q be h(x). Let l(u) = -5*u**2 - 6*u + 5. Let n(k) = -3*k**2 - 3*k + 3. Let t(y) = -4*l(y) + 7*n(y). What is t(q)?
-3
Let f(i) be the third derivative of -i**6/120 - i**5/60 + 7*i**3/6 + 6*i**2 - 4. Give f(0).
7
Suppose 5*j - 3*n = 79 + 76, 0 = 2*n. Suppose j = 4*w + 3. Let a(c) = -c - 6. Determine a(w).
-13
Let k(l) = -3*l**2 + 2*l + 5. Let v(s) = -s**2 + s + 1. Let o(h) = k(h) - 4*v(h). Determine o(2).
1
Let i(d) be the first derivative of -d**4/4 - 17*d**3/3 - d**2/2 - 9*d - 591. Calculate i(-17).
8
Let i(z) = -z**3 + 9*z**2 - 7*z. Let j be -55 - (3/(-5) + (-12)/30). Let o = 62 + j. Give i(o).
8
Let i(b) = 3 + 5*b**2 + 0*b**3 + b - b**3 - 7*b. Suppose 1 = -5*s + 21. What is i(s)?
-5
Suppose -2*n - 3*t = 2*t - 23, -2*n - 3*t = -13. Let z(c) be the third derivative of 13*c**6/120 - c**3/6 - c**2. Calculate z(n).
-14
Suppose 23*c - 80 = 7*c. Let q(r) = -r + 6. Give q(c).
1
Let c(s) = -17*s**2 + 6*s - 7. Let k be c(2). Let i = 68 + k. Let r(x) = x**3 - 4*x**2 - 4*x - 4. What is r(i)?
1
Let i(p) = -p**2 + 103*p - 588. Let c be i(6). Let a(j) be the third derivative of -j**6/120 - j**5/12 + 3*j**4/8 + j**3 + 3*j**2. Give a(c).
-12
Let g(y) = 8 + 4 + 0*y**2 - 2*y - 20 - y**3 - 3*y**2 + 11. Give g(-3).
9
Suppose -2*v = -830 + 840. Let p(y) = -y**3 - 4*y**2 - 3*y + 3. Determine p(v).
43
Let n(z) = -z**2 + 5. Let b = -693 - -697. Calculate n(b).
-11
Let o(k) = k - 10. Let r be -2 + 9/(-2 + 1). Let n = -68 + 84. Let x = r + n. What is o(x)?
-5
Let m(u) = 89*u + u**2 - 44*u - 2 - 43*u. Calculate m(-5).
13
Let q(a) = -a**2 - 7*a - 1. Let h(b) = b**2 + 6*b + 2. Let l(y) = 3*h(y) + 4*q(y). Let v be l(-10). Let n(s) = 51*s - 2 - 2*s**v - 46*s + 1. What is n(4)?
-13
Let q(o) = -93*o**2 + 45*o - 3. Let c(y) = -31*y**2 + 16*y - 1. Let i(u) = 17*c(u) - 6*q(u). What is i(-1)?
30
Let x(l) = l**3 - 2*l**2 - 3*l + 2. Let m be (-4 + 4)*(-5)/10. Suppose 5*r - 17 = 2*k, 0 = -m*k + 3*k + 3. Give x(r).
2
Let j(u) = 2*u + 4 - 3*u**2 + u**3 - 5*u + 1. Let m be ((-16)/40)/((-2)/20). Calculate j(m).
9
Let u(c) = c**3 - c**2 + c - 4. Let r(q) = -4*q**3 - q**2 - 2*q + 9. Let p(s) = -r(s) - 2*u(s). What is p(2)?
27
Let o(l) = -2*l + 3. Let n(p) = 7*p - 5. Let i(t) = 3*n(t) + 10*o(t). What is i(-12)?
3
Suppose -4*p = s - 9, -5*s - 2*p + p + 7 = 0. Let f(o) = -1 - s + 1 - o + 2. What is f(6)?
-5
Suppose 4*z - 76 = l - 5*l, -4*l - 5*z + 81 = 0. Let v be l/(-42)*(1 + -7). Let t(g) = 2. Let h(r) = r - 9. Let q(i) = h(i) + 5*t(i). Give q(v).
3
Let s be (-1)/(-1)*-24*1. Let p = 27 + s. Let f(y) = -3 - 8*y - 4 - 6*y**2 - 2*y**p + 0 + y**3. Give f(-5).
8
Let q(r) = r**3 + 14*r**2 - 15*r - 19. Suppose 29 = -3*k - 4*d, k = -0*k - 5*d + 5. Calculate q(k).
-19
Let h(n) = 4*n**3 - 9*n**2 + 8*n + 9. Let f(d) = 3*d**3 - 9*d**2 + 8*d + 6. Let b(z) = 3*f(z) - 2*h(z). Give b(8).
0
Let f(h) = 2*h**2 + 3*h - 1. Let g(i) = 10*i - 116. Let a be g(12). What is f(a)?
43
Suppose 5*w = -16 + 31. Suppose s + 44 = -w*s - 4*q, -2*q = s + 16. Let i(y) = y + 3. Determine i(s).
-3
Let d(j) = -j**3 + 4*j**2 + 3*j + 3. Let r = -22 + 32. Let p(v) = -2*v**2 + 2*v - 5. Let f be p(0).